 8) to base 4.
-213
What is 3 (base 13) in base 2?
11
What is -60 (base 16) in base 3?
-10120
Convert 15 (base 6) to base 12.
b
What is -3 (base 6) in base 9?
-3
3 (base 12) to base 14
3
4 (base 5) to base 12
4
Convert c4 (base 13) to base 9.
187
Convert -a6 (base 11) to base 7.
-224
What is 61 (base 12) in base 15?
4d
Convert -2 (base 14) to base 7.
-2
What is 11 (base 2) in base 15?
3
1 (base 10) to base 13
1
Convert 2 (base 8) to base 7.
2
Convert 12102 (base 3) to base 5.
1041
Convert -15 (base 8) to base 15.
-d
What is -21 (base 3) in base 7?
-10
Convert 2 (base 8) to base 12.
2
What is 54 (base 7) in base 11?
36
-10 (base 7) to base 14
-7
Convert -1 (base 10) to base 14.
-1
Convert 7 (base 13) to base 16.
7
What is 122 (base 5) in base 13?
2b
What is -4 (base 9) in base 13?
-4
-5 (base 13) to base 8
-5
332 (base 4) to base 5
222
What is -4 (base 9) in base 13?
-4
What is -202 (base 5) in base 7?
-103
What is -3 (base 7) in base 14?
-3
-431 (base 7) to base 8
-332
What is -1 (base 8) in base 11?
-1
Convert 36 (base 15) to base 13.
3c
What is d (base 14) in base 15?
d
342 (base 5) to base 11
89
What is -3a (base 11) in base 12?
-37
What is 0 (base 14) in base 15?
0
Convert 303 (base 6) to base 11.
a1
2 (base 15) to base 12
2
Convert 37 (base 9) to base 7.
46
Convert 5d (base 16) to base 11.
85
Convert -c5 (base 16) to base 15.
-d2
What is 18a (base 12) in base 7?
505
2201 (base 3) to base 16
49
What is -1 (base 10) in base 8?
-1
13 (base 7) to base 12
a
What is -110 (base 15) in base 16?
-f0
Convert -10011 (base 2) to base 5.
-34
Convert 106 (base 7) to base 2.
110111
Convert -38 (base 15) to base 3.
-1222
7 (base 9) to base 11
7
-13 (base 5) to base 7
-11
What is 8 (base 14) in base 11?
8
What is c (base 15) in base 2?
1100
3 (base 7) to base 8
3
What is -1 (base 15) in base 16?
-1
What is -4 (base 5) in base 9?
-4
-56 (base 7) to base 9
-45
Convert -6 (base 13) to base 10.
-6
15 (base 8) to base 6
21
What is 0 (base 3) in base 9?
0
What is -5 (base 12) in base 7?
-5
What is -11 (base 9) in base 6?
-14
What is 3 (base 15) in base 12?
3
What is 0 (base 8) in base 4?
0
Convert -4 (base 15) to base 11.
-4
What is -107 (base 10) in base 12?
-8b
2 (base 11) to base 10
2
5 (base 14) to base 2
101
What is 45 (base 8) in base 6?
101
Convert 11 (base 8) to base 9.
10
What is -16 (base 12) in base 6?
-30
-229 (base 11) to base 3
-101010
Convert -2 (base 3) to base 15.
-2
-110 (base 2) to base 3
-20
Convert -1 (base 9) to base 11.
-1
Convert 0 (base 4) to base 9.
0
Convert 4 (base 6) to base 12.
4
Convert 10121 (base 3) to base 12.
81
What is -10 (base 6) in base 15?
-6
13 (base 6) to base 5
14
What is 173 (base 8) in base 2?
1111011
Convert -4 (base 8) to base 10.
-4
What is 0 (base 12) in base 7?
0
What is 0 (base 4) in base 9?
0
What is -103 (base 5) in base 11?
-26
Convert -101 (base 4) to base 5.
-32
Convert 110000 (base 2) to base 6.
120
Convert -254 (base 8) to base 16.
-ac
-5 (base 14) to base 9
-5
Convert 10000011 (base 2) to base 7.
245
What is -1 (base 12) in base 5?
-1
What is -303 (base 7) in base 16?
-96
Convert 20 (base 3) to base 13.
6
What is -9c (base 16) in base 12?
-110
Convert 1022 (base 3) to base 8.
43
Convert 7 (base 11) to base 14.
7
Convert 110110 (base 3) to base 5.
2321
204 (base 9) to base 14
bc
What is -96 (base 10) in base 9?
-116
Convert 6 (base 11) to base 2.
110
What is 0 (base 7) in base 9?
0
-4 (base 5) to base 6
-4
Convert -2 (base 13) to base 7.
-2
-1a (base 16) to base 3
-222
-122 (base 3) to base 12
-15
What is 11 (base 2) in base 8?
3
3 (base 9) to base 12
3
What is 201 (base 3) in base 9?
21
What is -b9 (base 13) in base 2?
-10011000
-3 (base 5) to base 4
-3
What is 23 (base 6) in base 8?
17
Convert 11001 (base 2) to base 6.
41
Convert 101 (base 9) to base 11.
75
What is -1011000 (base 2) in base 14?
-64
42 (base 13) to base 16
36
What is 5 (base 10) in base 11?
5
-1 (base 2) to base 13
-1
Convert -100010 (base 2) to base 5.
-114
4 (base 13) to base 2
100
Convert -3 (base 5) to base 16.
-3
What is -16 (base 11) in base 13?
-14
What is 53 (base 15) in base 12?
66
What is 10001011 (base 2) in base 12?
b7
Convert 1 (base 7) to base 9.
1
What is 4 (base 5) in base 12?
4
What is 2 (base 8) in base 9?
2
Convert -4 (base 8) to base 11.
-4
-1 (base 6) to base 7
-1
Convert 2122 (base 3) to base 16.
47
Convert 3 (base 12) to base 7.
3
What is -185 (base 12) in base 4?
-3311
Convert -12 (base 14) to base 4.
-100
-110100 (base 2) to base 10
-52
What is -1110 (base 5) in base 10?
-155
2 (base 14) to base 12
2
What is -1e (base 16) in base 8?
-36
What is 2 (base 8) in base 14?
2
What is -28 (base 9) in base 8?
-32
39 (base 15) to base 10
54
-1201 (base 3) to base 2
-101110
55 (base 9) to base 7
101
-3 (base 10) to base 13
-3
-29 (base 11) to base 12
-27
Convert 24 (base 12) to base 9.
31
-4a (base 13) to base 3
-2022
Convert 100 (base 2) to base 10.
4
Convert -3 (base 7) to base 5.
-3
What is 99 (base 10) in base 5?
344
-20 (base 11) to base 6
-34
-9 (base 16) to base 11
-9
12 (base 3) to base 5
10
1d (base 16) to base 12
25
Convert 10 (base 2) to base 3.
2
1232 (base 4) to base 9
132
What is -7 (base 9) in base 4?
-13
-1 (base 14) to base 8
-1
2 (base 4) to base 8
2
Convert 66 (base 14) to base 7.
156
-404 (base 6) to base 7
-301
Convert 0 (base 7) to base 8.
0
What is 30 (base 16) in base 9?
53
Convert 5 (base 15) to base 7.
5
Convert 156 (base 7) to base 14.
66
-3 (base 13) to base 5
-3
What is -10 (base 5) in base 9?
-5
-57 (base 12) to base 14
-4b
Convert -194 (base 16) to base 13.
-251
Convert 17 (base 9) to base 2.
10000
-4 (base 6) to base 15
-4
-4 (base 11) to base 6
-4
What is -2a (base 11) in base 10?
-32
What is 53 (base 8) in base 15?
2d
10 (base 14) to base 16
e
What is -3 (base 13) in base 11?
-3
99 (base 15) to base 13
b1
What is -171 (base 10) in base 11?
-146
What is -4 (base 11) in base 2?
-100
What is -1 (base 6) in base 9?
-1
What is 33 (base 5) in base 6?
30
-6 (base 15) to base 6
-10
Convert 20 (base 10) to base 6.
32
-14 (base 8) to base 13
-c
What is a6 (base 14) in base 8?
222
Convert 1102 (base 4) to base 13.
64
16 (base 9) to base 16
f
Convert 31 (base 6) to base 3.
201
-1000011 (base 2) to base 3
-2111
-2 (base 10) to base 16
-2
0 (base 4) to base 9
0
Convert 4 (base 6) to base 14.
4
What is 45 (base 13) in base 9?
63
Convert -3 (base 9) to base 8.
-3
Convert 4 (base 9) to base 11.
4
Convert -5 (base 12) to base 16.
-5
What is -7 (base 14) in base 16?
-7
What is 1000 (base 2) in base 13?
8
What is -212 (base 4) in base 12?
-32
-11 (base 2) to base 4
-3
-12 (base 11) to base 14
-d
Convert -1 (base 9) to base 8.
-1
Convert 6 (base 11) to base 7.
6
What is 2022 (base 4) in base 7?
255
Convert -4c (base 13) to base 3.
-2101
What is 100101 (base 2) in base 7?
52
What is 4 (base 5) in base 8?
4
1000 (base 2) to base 10
8
-4 (base 12) to base 3
-11
Convert -3 (base 11) to base 14.
-3
Convert -22 (base 3) to base 11.
-8
-220 (base 6) to base 2
-1010100
What is 1224 (base 5) in base 10?
189
What is 3 (base 7) in base 11?
3
-2 (base 13) to base 16
-2
-11 (base 10) to base 6
-15
What is -7 (base 11) in base 12?
-7
What is 3 (base 7) in base 6?
3
-235 (base 10) to base 5
-1420
-3000 (base 4) to base 10
-192
Convert -13 (base 7) to base 8.
-12
What is 0 (base 6) in base 8?
0
Convert 201 (base 4) to base 14.
25
45 (base 8) to base 12
31
Convert 3 (base 11) to base 5.
3
Convert 2313 (base 4) to base 8.
267
0 (base 11) to base 4
0
Convert -10 (base 6) to base 5.
-11
11101 (base 2) to base 11
27
Convert -11 (base 10) to base 14.
-b
-42 (base 16) to base 7
-123
1 (base 12) to base 8
1
Convert 440 (base 5) to base 11.
aa
What is -a3 (base 12) in base 13?
-96
10 (base 3) to base 15
3
Convert -76 (base 14) to base 4.
-1220
-3 (base 15) to base 13
-3
Convert 214 (base 5) to base 13.
47
-8 (base 9) to base 13
-8
What is -43 (base 5) in base 6?
-35
Convert 2 (base 12) to base 4.
2
1 (base 15) to base 16
1
Convert -2a (base 12) to base 4.
-202
What is 0 (base 3) in base 15?
0
What is 230 (base 5) in base 7?
122
Convert 3 (base 10) to base 8.
3
Convert 4 (base 11) to base 12.
4
What is -1 (base 14) in base 12?
-1
Convert 3 (base 16) to base 13.
3
What is 3 (base 5) in base 15?
3
What is 14 (base 5) in base 6?
13
W